l.
18
Let u(o) = o**2 - 64*o + 588. Let p be u(53). Let v be 30*6/5*(-160)/(-72). What is the greatest common divisor of v and p?
5
Let p = 100 + -55. Suppose -30 - 45 = -25*a. Suppose -4*s + 236 = -4*h, -241 = -s - a*s - h. Calculate the highest common divisor of p and s.
15
Let c = 2430 - 2244. Let x = 60 + 2. What is the greatest common divisor of x and c?
62
Let c be ((-7 + (-146)/(-18))*672)/(2/6). What is the highest common factor of 700 and c?
140
Suppose 5*h - x - 40 = 0, -29*h + 33*h - 3*x = 32. What is the greatest common divisor of h and 328?
8
Let s(b) be the second derivative of b**3/2 - 2*b**2 + 5*b. Let y be s(3). Suppose -3209*j = -3210*j + 55. What is the highest common factor of y and j?
5
Let n be (2 + -7)/(11 + (-1644)/(-144)*-1). Calculate the greatest common factor of n and 1572.
12
Let t be 228/(19 + -25 + 10). Let s(r) = -7*r - 2. Let w be s(-3). What is the highest common factor of w and t?
19
Let p be 2 + 1 - 43/43. Suppose -64 = -5*h + p*w + 72, 3*h - 82 = w. Calculate the greatest common factor of 1624 and h.
28
Suppose 21 = 170*x - 163*x. Suppose 24 = -x*r + 6*r. What is the highest common factor of r and 108?
4
Let u(r) = 0*r**2 + r**3 + 3*r**2 + 0*r**3 - 8*r + 2*r**2 - 4. Let x be u(-6). Let j be x/16 + (-159)/(-6). What is the greatest common factor of 3 and j?
3
Suppose -13*j - 10*j - 575 = 0. Let a be 58 - (-5)/j*5. What is the greatest common factor of a and 114?
57
Let r = 437 - 779. Let l = -329 - r. Calculate the greatest common factor of l and 3.
1
Let i(n) = -n**3 - 3*n**2 + 5*n + 7. Let h be i(3). Let u = h - -28. Let r be -4 - (u + 15*-1). What is the highest common factor of 75 and r?
15
Let w(l) = 19*l - 43. Let m(f) = 2*f**2 + 54*f - 52. Let t be m(-28). Let i be w(t). Calculate the highest common divisor of 66 and i.
33
Let i(d) = 4*d**2 - 71*d - 435. Let c be i(25). Calculate the greatest common divisor of 33640 and c.
290
Let n be (-3)/3*(-1 + 1). Suppose n = -2*k - 4*k + 264. Suppose -k = -4*f - 8. Calculate the highest common divisor of f and 18.
9
Suppose -102341 - 53490 = -73*k + 18055. Calculate the greatest common factor of k and 6.
6
Let k = -1488 - -1510. Let w = 21 + -10. Calculate the greatest common factor of w and k.
11
Let g = -696 - -695. Let d be 45*-6*g + -6. Calculate the greatest common factor of 198 and d.
66
Let a(d) be the third derivative of d**6/120 - d**5/60 - 5*d**4/12 - 4*d**3/3 + 36*d**2 - d. Let k be a(5). What is the highest common divisor of k and 84?
42
Let v(c) = 2*c**2 - 2*c - 9. Let u = 237 + -234. Let w be v(u). What is the highest common divisor of 33 and w?
3
Suppose 98*j - 100*j = -8. Let m be 70/j - (2 + 45/(-18)). Calculate the greatest common factor of 414 and m.
18
Suppose 15499*s - 15518*s = -9519. Calculate the greatest common divisor of 1336 and s.
167
Let x = 53 - -193. Let o = x - 158. What is the greatest common divisor of o and 110?
22
Let p(v) = 64*v**2 + 4*v - 3. Let f be p(2). Let l = f - 260. What is the highest common divisor of 56 and l?
1
Suppose 5*y = 3*m - 2*m + 476, -5*y + 478 = -3*m. Let i be 8*((-12)/(-8))/3. Suppose i*j - 25 = -5. What is the greatest common factor of y and j?
5
Let u be (-399)/(-39) + (-27 - (-4524)/169). Let w be (-2)/1*(2 + -7). What is the greatest common factor of u and w?
10
Let l = -7448 + 7490. Calculate the highest common divisor of 6174 and l.
42
Let y = -5 - -12. Suppose 2*r - y*r = -520. Let s(w) = -w**2 - 7*w + 1. Let a be s(-3). What is the highest common factor of r and a?
13
Suppose -124*w + 128*w = -5*f + 6691, 0 = -2*f + 3*w + 2704. What is the highest common divisor of 68 and f?
17
Suppose 0 = -3*q + 24, -4 = -2*d + 4*q - 0. Calculate the highest common factor of d and 23742.
18
Suppose 15 - 6 = q. Calculate the highest common divisor of q and 288.
9
Suppose 2*c + q + 145 = -463, 3*c + 912 = -q. Let r = c + 717. What is the greatest common factor of 59 and r?
59
Let n(l) = -7*l + 69. Let z be n(11). Let y be (-838)/z + 6 + 162/(-24). What is the greatest common factor of 52 and y?
52
Let w = 1064 + -939. Calculate the greatest common divisor of 2 and w.
1
Suppose 1748 = 3*f + 2*a - 3890, 0 = 3*f + 5*a - 5644. What is the highest common factor of 6 and f?
6
Suppose 0 = 628*i - 301*i - 305*i - 440. Let w(t) = -44*t + 4. Suppose 6*u - u = -20. Let g be w(u). What is the greatest common factor of g and i?
20
Suppose 431*m = 161*m + 10800. Calculate the greatest common factor of m and 220.
20
Let d = 55 + -55. Let c = 76 + d. Calculate the greatest common factor of c and 57.
19
Suppose 3*b - 3 + 13 = -5*q, 25 = -5*q. Suppose -4*y + y - 3 = 2*a, b = -y. Calculate the highest common divisor of a and 150.
6
Let l be ((-196)/(-9))/(11524/(-1161) - -10). Let s be 127/3 + 2/(-6). What is the highest common divisor of s and l?
42
Let o be (-3)/(7 + -28) - (-1126)/7. Let q be (56/32)/(1/8). What is the highest common factor of q and o?
7
Let a be (-4)/18 - (-1725)/(-135). Let w = a + 18. Let k(f) = 17*f + 174. Let r be k(-7). What is the greatest common divisor of w and r?
5
Let l be ((-28)/(-21))/(2/6). Suppose 4*m - 3*m + 5 = -5*y, -l*m + 2*y + 68 = 0. Let r be 14 + 3 + (-2)/6*6. Calculate the greatest common divisor of m and r.
15
Let t be (-717)/(-6) + (-4)/(-8). Let r = 19019 + -18944. Calculate the highest common factor of t and r.
15
Let b(d) = -d**3 - 28*d**2 - 27*d - 11. Let h be b(-27). Let y(x) = -13*x + 7. Let t be y(h). Calculate the greatest common factor of 6 and t.
6
Suppose -4*f = 5*t - 142, 114 = 3*f - t - 2. Suppose -3*m + 222 - 18 = 0. Suppose -5*a - f + m = 0. Calculate the highest common factor of 42 and a.
6
Let y = -134 + 270. Let j = -81 + y. Let d be (-10)/j - 2382/(-33). What is the highest common factor of d and 8?
8
Suppose 1590*s + 2417 + 4239 = 1598*s. Calculate the greatest common factor of s and 26.
26
Let x be (-32)/6 + 3 - (-4)/12. Let y be ((-25)/15)/(x/24). Calculate the greatest common divisor of y and 50.
10
Let n(x) = 5*x - 68. Let z be n(15). Suppose -k + 188 + z = 0. What is the highest common factor of 15 and k?
15
Suppose -14*c = 5*d - 24889, 0 = -2*c + 20*d - 18*d + 3542. Calculate the highest common divisor of c and 96.
48
Suppose -2*i + w = -41, 5*i + 4*w - 110 = 5*w. Let k be (-1415)/75*-39 + ((-322)/(-35) - 9). What is the greatest common divisor of i and k?
23
Let i be 9/(-36) + (-2)/(-8). Suppose 7*h - 2*h - 235 = i. Calculate the greatest common factor of h and 517.
47
Let m be (-7)/(154/(-55))*(-7076)/(-10). Calculate the greatest common factor of m and 464.
29
Let x(w) = -w + 91*w**2 - 2*w - 93*w**2 + 5. Let c be x(-3). Let g(f) = -f**2 - 9*f - 15. Let m be g(c). Calculate the highest common divisor of m and 45.
5
Let i(l) = -2*l**3 + 7*l + 5. Let p be i(-4). Suppose 1665 = 236*t - 106*t - 93*t. What is the highest common divisor of t and p?
15
Let c = -17 - 0. Let v(z) = z**2 + 15*z - 34. Let t be v(c). Suppose t = 5*m - 24 - 71. Calculate the greatest common factor of 76 and m.
19
Let c be (7 - 1)/((8 - 1) + -5). Suppose 0 = -3*f + p + 4*p + 30, f = c*p + 14. What is the greatest common factor of f and 1?
1
Let g be (6/(-16))/(-3) - 703/(-8). Suppose a = 5*a - g. What is the highest common factor of a and 11?
11
Let p be (-2*3)/(18/(-60)). Let c be (9/4)/((-3 - -4)/p). Calculate the greatest common divisor of 27 and c.
9
Let s(w) = -5*w**3 + 3*w**2 - 28*w - 55. Let o be s(-9). Calculate the highest common divisor of o and 57.
19
Let h be ((-2)/4)/((-5)/(-30)). Let s be 0 + (-12)/9 + (-463)/h. Calculate the greatest common factor of 9 and s.
9
Let y be -7 + -5*58*-12*(-10)/(-240). Calculate the greatest common factor of y and 2162.
46
Suppose 410130 = -474*z + 684*z. Calculate the greatest common divisor of z and 3627.
279
Let q(p) = 52*p**3 - 43*p**2 + 19*p + 4. Let s be q(2). Let f be 15/(-1 - -2) - 2. Calculate the greatest common factor of f and s.
13
Suppose 5*z = 25, 0*k + 4*z = -5*k + 20. Suppose k*d + d + 3*r - 198 = 0, -436 = -2*d + 4*r. What is the highest common divisor of d and 30?
30
Suppose -877 = -8*l - 85. Suppose 0 = -3*o + 12 + l. Calculate the greatest common divisor of 259 and o.
37
Let q = -440 - -442. Let g be (119/(-21) + q)*-39. Calculate the highest common divisor of 11 and g.
11
Suppose 38 = 2*q - 62. Suppose 19 = -2*l - 3*n - 7